{"id":120,"date":"2016-11-13T13:47:11","date_gmt":"2016-11-13T12:47:11","guid":{"rendered":"http:\/\/www.akama-woippy.fr\/akama-woippy.fr\/?page_id=120"},"modified":"2016-11-13T21:36:45","modified_gmt":"2016-11-13T20:36:45","slug":"karate-jutsu","status":"publish","type":"page","link":"https:\/\/www.akama-woippy.fr\/index.php\/karate-jutsu\/","title":{"rendered":"KARATE JUTSU"},"content":{"rendered":"<h1 id=\"page_main_title\" class=\"main_title\">KARATE JUTSU : COMBAT COMPLET SPORTIF<\/h1>\n<div id=\"rows\" class=\"rows\" data-total-pages=\"1\" data-current-page=\"1\">\n<div class=\"page_1 row row_1_columns row_1 first_row last_row\">\n<div class=\"cols\">\n<div class=\"col col_1_columns col_1 first_col last_col\">\n<div class=\" col_content\">\n<p>Le Karat\u00e9 Jutsu est l&rsquo;expression sportive de notre pratique martiale.<\/p>\n<p>Cette forme de comp\u00e9tition permet d&rsquo;utiliser les techniques de projection (Nage Waza) et les principes de la lutte au sol (Ne Waza) conjugu\u00e9s aux percussions (Atemi Waza) dans un combat arbitr\u00e9 de 2 minutes.<\/p>\n<p>Nous avons la possibilit\u00e9 de gagner le combat debout en marquant des points gr\u00e2ce aux atemis ou de projeter le partenaire pour qu&rsquo;il se soumette au sol sur un \u00e9tranglement ou une technique de luxation articulaire.<\/p>\n<p>&nbsp;<\/p>\n<p><iframe loading=\"lazy\" title=\"YouTube video player\" src=\"https:\/\/www.youtube.com\/embed\/4oMLFcxjY3I\" width=\"640\" height=\"390\" frameborder=\"0\" allowfullscreen=\"allowfullscreen\" data-mce-fragment=\"1\"><\/iframe><\/p>\n<p>&nbsp;<\/p>\n<p><iframe loading=\"lazy\" src=\"http:\/\/www.dailymotion.com\/embed\/video\/xp49ot?width=640\" width=\"640\" height=\"390\" frameborder=\"0\" data-mce-fragment=\"1\"><\/iframe><\/p>\n<p>&nbsp;<\/p>\n<\/div>\n<\/div>\n<\/div>\n<\/div>\n<\/div>\n","protected":false},"excerpt":{"rendered":"<p>KARATE JUTSU : COMBAT COMPLET SPORTIF Le Karat\u00e9 Jutsu est l&rsquo;expression sportive de notre pratique martiale. Cette forme de comp\u00e9tition permet d&rsquo;utiliser les techniques de projection (Nage Waza) et les principes de la lutte au sol (Ne Waza) conjugu\u00e9s aux percussions (Atemi Waza) dans un combat arbitr\u00e9 de 2 minutes. Nous avons la possibilit\u00e9 de &hellip; <a href=\"https:\/\/www.akama-woippy.fr\/index.php\/karate-jutsu\/\" class=\"more-link\">Continuer la lecture<span class=\"screen-reader-text\"> de &laquo;&nbsp;KARATE JUTSU&nbsp;&raquo;<\/span><\/a><\/p>\n","protected":false},"author":1,"featured_media":0,"parent":0,"menu_order":0,"comment_status":"closed","ping_status":"closed","template":"","meta":{"footnotes":""},"_links":{"self":[{"href":"https:\/\/www.akama-woippy.fr\/index.php\/wp-json\/wp\/v2\/pages\/120"}],"collection":[{"href":"https:\/\/www.akama-woippy.fr\/index.php\/wp-json\/wp\/v2\/pages"}],"about":[{"href":"https:\/\/www.akama-woippy.fr\/index.php\/wp-json\/wp\/v2\/types\/page"}],"author":[{"embeddable":true,"href":"https:\/\/www.akama-woippy.fr\/index.php\/wp-json\/wp\/v2\/users\/1"}],"replies":[{"embeddable":true,"href":"https:\/\/www.akama-woippy.fr\/index.php\/wp-json\/wp\/v2\/comments?post=120"}],"version-history":[{"count":3,"href":"https:\/\/www.akama-woippy.fr\/index.php\/wp-json\/wp\/v2\/pages\/120\/revisions"}],"predecessor-version":[{"id":149,"href":"https:\/\/www.akama-woippy.fr\/index.php\/wp-json\/wp\/v2\/pages\/120\/revisions\/149"}],"wp:attachment":[{"href":"https:\/\/www.akama-woippy.fr\/index.php\/wp-json\/wp\/v2\/media?parent=120"}],"curies":[{"name":"wp","href":"https:\/\/api.w.org\/{rel}","templated":true}]}}