{"id":141,"date":"2016-11-13T15:17:38","date_gmt":"2016-11-13T14:17:38","guid":{"rendered":"http:\/\/www.akama-woippy.fr\/akama-woippy.fr\/?page_id=141"},"modified":"2016-11-14T17:37:30","modified_gmt":"2016-11-14T16:37:30","slug":"liens","status":"publish","type":"page","link":"https:\/\/www.akama-woippy.fr\/index.php\/liens\/","title":{"rendered":"Liens"},"content":{"rendered":"<div class=\"link_item item odd_item\">\n<p class=\"link_item_title item_title\"><a title=\"FFKDA\" href=\"http:\/\/www.ffkarate.fr\/\" target=\"_blank\">FFKDA<\/a><\/p>\n<p class=\"link_item_description\">SITE DE LA FEDERATION FRANCAISE DE KARATE<\/p>\n<div class=\"link_item item even_item\">\n<p class=\"link_item_title item_title\"><a title=\"ligue FFK Lorraine\" href=\"http:\/\/www.ffkarate.fr\/lorraine\/\" target=\"_blank\">ligue FFK Lorraine<\/a><\/p>\n<p class=\"link_item_description\">site de la Ligue de Lorraine de Karat\u00e9<\/p>\n<\/div>\n<div class=\"link_item item odd_item\">\n<p class=\"link_item_title item_title\"><a title=\"CDK 57\" href=\"http:\/\/www.ffkarate.fr\/moselle\/\" target=\"_blank\">CDK 57<\/a><\/p>\n<p class=\"link_item_description\">comit\u00e9 departemental de karat\u00e9 en moselle<\/p>\n<\/div>\n<div class=\"link_item item odd_item\">\n<p class=\"link_item_title item_title\"><a title=\"JT DIFFUSION\" href=\"http:\/\/www.jt-difarma.net\" target=\"_blank\">DIVISION KOMBAT<\/a><\/p>\n<p class=\"link_item_description\">MAGASIN SP\u00c9CIALIS\u00c9 EN ARTS MARTIAUX EN LORRAINE<\/p>\n<\/div>\n<div class=\"link_item item even_item\">\n<p class=\"link_item_title item_title\"><a title=\"FFSCDA\" href=\"http:\/\/www.ffkmda.fr\/\" target=\"_blank\">FFKMDA<\/a><\/p>\n<p class=\"link_item_description\">F\u00e9d\u00e9ration Fran\u00e7aise\u00a0 Muay Thai &#8211; Kick Boxing &#8211; Full Contact &#8211; Pancrace &#8211; Contact D\u00e9fense<\/p>\n<\/div>\n<div class=\"link_item item odd_item\">\n<p class=\"link_item_title item_title\"><a href=\"https:\/\/www.facebook.com\/groups\/26510704628\/\">A.K.A.M.A sur FACEBOOK<\/a><\/p>\n<p class=\"link_item_description\">PAGE DE L&rsquo;ASSOCIATION SUR FACEBOOK<\/p>\n<\/div>\n<\/div>\n","protected":false},"excerpt":{"rendered":"<p>FFKDA SITE DE LA FEDERATION FRANCAISE DE KARATE ligue FFK Lorraine site de la Ligue de Lorraine de Karat\u00e9 CDK 57 comit\u00e9 departemental de karat\u00e9 en moselle DIVISION KOMBAT MAGASIN SP\u00c9CIALIS\u00c9 EN ARTS MARTIAUX EN LORRAINE FFKMDA F\u00e9d\u00e9ration Fran\u00e7aise\u00a0 Muay Thai &#8211; Kick Boxing &#8211; Full Contact &#8211; Pancrace &#8211; Contact D\u00e9fense A.K.A.M.A sur FACEBOOK &hellip; <a href=\"https:\/\/www.akama-woippy.fr\/index.php\/liens\/\" class=\"more-link\">Continuer la lecture<span class=\"screen-reader-text\"> de &laquo;&nbsp;Liens&nbsp;&raquo;<\/span><\/a><\/p>\n","protected":false},"author":1,"featured_media":0,"parent":0,"menu_order":0,"comment_status":"closed","ping_status":"closed","template":"","meta":{"footnotes":""},"_links":{"self":[{"href":"https:\/\/www.akama-woippy.fr\/index.php\/wp-json\/wp\/v2\/pages\/141"}],"collection":[{"href":"https:\/\/www.akama-woippy.fr\/index.php\/wp-json\/wp\/v2\/pages"}],"about":[{"href":"https:\/\/www.akama-woippy.fr\/index.php\/wp-json\/wp\/v2\/types\/page"}],"author":[{"embeddable":true,"href":"https:\/\/www.akama-woippy.fr\/index.php\/wp-json\/wp\/v2\/users\/1"}],"replies":[{"embeddable":true,"href":"https:\/\/www.akama-woippy.fr\/index.php\/wp-json\/wp\/v2\/comments?post=141"}],"version-history":[{"count":3,"href":"https:\/\/www.akama-woippy.fr\/index.php\/wp-json\/wp\/v2\/pages\/141\/revisions"}],"predecessor-version":[{"id":156,"href":"https:\/\/www.akama-woippy.fr\/index.php\/wp-json\/wp\/v2\/pages\/141\/revisions\/156"}],"wp:attachment":[{"href":"https:\/\/www.akama-woippy.fr\/index.php\/wp-json\/wp\/v2\/media?parent=141"}],"curies":[{"name":"wp","href":"https:\/\/api.w.org\/{rel}","templated":true}]}}